{"id":182,"date":"2025-01-10T13:24:41","date_gmt":"2025-01-10T13:24:41","guid":{"rendered":"https:\/\/saindesigns.nl\/?page_id=182"},"modified":"2025-12-10T08:33:37","modified_gmt":"2025-12-10T08:33:37","slug":"elementor-pagina-182","status":"publish","type":"page","link":"https:\/\/saindesigns.nl\/?page_id=182","title":{"rendered":"Over Mij"},"content":{"rendered":"\t\t<div data-elementor-type=\"wp-page\" data-elementor-id=\"182\" class=\"elementor elementor-182\">\n\t\t\t\t<div class=\"elementor-element elementor-element-e24467c e-flex e-con-boxed e-con e-parent\" data-id=\"e24467c\" data-element_type=\"container\">\n\t\t\t\t\t<div class=\"e-con-inner\">\n\t\t\t\t<div class=\"elementor-element elementor-element-0e6f633 elementor-widget elementor-widget-heading\" data-id=\"0e6f633\" data-element_type=\"widget\" data-widget_type=\"heading.default\">\n\t\t\t\t<div class=\"elementor-widget-container\">\n\t\t\t\t\t<h2 class=\"elementor-heading-title elementor-size-default\">Over Mij<\/h2>\t\t\t\t<\/div>\n\t\t\t\t<\/div>\n\t\t\t\t<div class=\"elementor-element elementor-element-585ec18 elementor-widget-divider--view-line elementor-widget elementor-widget-divider\" data-id=\"585ec18\" data-element_type=\"widget\" data-widget_type=\"divider.default\">\n\t\t\t\t<div class=\"elementor-widget-container\">\n\t\t\t\t\t\t\t<div class=\"elementor-divider\">\n\t\t\t<span class=\"elementor-divider-separator\">\n\t\t\t\t\t\t<\/span>\n\t\t<\/div>\n\t\t\t\t\t\t<\/div>\n\t\t\t\t<\/div>\n\t\t\t\t\t<\/div>\n\t\t\t\t<\/div>\n\t\t<div class=\"elementor-element elementor-element-6aa7ee5 e-flex e-con-boxed e-con e-parent\" data-id=\"6aa7ee5\" data-element_type=\"container\">\n\t\t\t\t\t<div class=\"e-con-inner\">\n\t\t<div class=\"elementor-element elementor-element-54a7c27 e-con-full e-flex e-con e-child\" data-id=\"54a7c27\" data-element_type=\"container\">\n\t\t\t\t<div class=\"elementor-element elementor-element-61e2e76 elementor-invisible elementor-widget elementor-widget-text-editor\" data-id=\"61e2e76\" data-element_type=\"widget\" data-settings=\"{&quot;_animation&quot;:&quot;fadeInLeft&quot;}\" data-widget_type=\"text-editor.default\">\n\t\t\t\t<div class=\"elementor-widget-container\">\n\t\t\t\t\t\t\t\t\t<p>Hoi! Ik ben Sander (21), geboren op 9 juli 2004 in Hoorn en later verhuisd naar Alkmaar. Daar haalde ik mijn vmbo-kaderdiploma aan het Clusius College (inmiddels onderdeel van <strong data-start=\"288\" data-end=\"296\" data-is-only-node=\"\">Vonk<\/strong>). Momenteel studeer ik aan het <strong data-start=\"328\" data-end=\"354\">Mediacollege Amsterdam<\/strong>, waar ik mijn skills in media, creativiteit en technologie verdiep. In mijn vrije tijd werk ik aan persoonlijke projecten, experimenteer ik met nieuwe tools en leer ik gericht bij. Mijn doel: verder groeien in de mediawereld en social media, en met plezier nieuwe uitdagingen aangaan.<\/p>\n<h1 style=\"font-family: Poppins;\">Hobbies<\/h1>\n<p data-start=\"11\" data-end=\"174\">Creativiteit loopt als een rode draad door mijn leven. Ik haal inspiratie uit verschillende disciplines en merk dat die elkaar steeds weer versterken in mijn werk.<\/p><h5 style=\"font-family: Poppins;\"><span data-start=\"1133\" data-end=\"1143\" style=\"font-weight: bolder;\">Vissen<\/span><\/h5><p>Aan de waterkant vind ik rust en concentratie. Vissen leert me geduld en timing; ik kijk anders naar licht, reflecties en kleurnuances. Dat vertaalt zich naar verfijning in fotografie en kleurgebruik. En probeer natuurlijk de grootste lappen er eruit te halen.<\/p>\n<p data-start=\"11\" data-end=\"174\"><br><\/p>\t\t\t\t\t\t\t\t<\/div>\n\t\t\t\t<\/div>\n\t\t\t\t<\/div>\n\t\t<div class=\"elementor-element elementor-element-35c9781 e-con-full e-flex e-con e-child\" data-id=\"35c9781\" data-element_type=\"container\">\n\t\t\t\t<\/div>\n\t\t<div class=\"elementor-element elementor-element-fa11550 e-con-full e-flex e-con e-child\" data-id=\"fa11550\" data-element_type=\"container\">\n\t\t\t\t<div class=\"elementor-element elementor-element-801d457 elementor-widget-divider--view-line elementor-widget elementor-widget-divider\" data-id=\"801d457\" data-element_type=\"widget\" data-widget_type=\"divider.default\">\n\t\t\t\t<div class=\"elementor-widget-container\">\n\t\t\t\t\t\t\t<div class=\"elementor-divider\">\n\t\t\t<span class=\"elementor-divider-separator\">\n\t\t\t\t\t\t<\/span>\n\t\t<\/div>\n\t\t\t\t\t\t<\/div>\n\t\t\t\t<\/div>\n\t\t\t\t<\/div>\n\t\t\t\t\t<\/div>\n\t\t\t\t<\/div>\n\t\t<div class=\"elementor-element elementor-element-df20dd6 e-flex e-con-boxed e-con e-parent\" data-id=\"df20dd6\" data-element_type=\"container\">\n\t\t\t\t\t<div class=\"e-con-inner\">\n\t\t<div class=\"elementor-element elementor-element-3c74724 e-con-full e-flex e-con e-child\" data-id=\"3c74724\" data-element_type=\"container\">\n\t\t\t\t<div class=\"elementor-element elementor-element-e0b40df elementor-widget__width-initial elementor-invisible elementor-widget elementor-widget-image\" data-id=\"e0b40df\" data-element_type=\"widget\" data-settings=\"{&quot;_animation&quot;:&quot;fadeInLeft&quot;}\" data-widget_type=\"image.default\">\n\t\t\t\t<div class=\"elementor-widget-container\">\n\t\t\t\t\t\t\t\t\t\t\t\t\t\t\t<img fetchpriority=\"high\" decoding=\"async\" width=\"759\" height=\"1024\" src=\"https:\/\/saindesigns.nl\/wp-content\/uploads\/2024\/10\/12-759x1024.jpg\" class=\"attachment-large size-large wp-image-86\" alt=\"\" srcset=\"https:\/\/saindesigns.nl\/wp-content\/uploads\/2024\/10\/12-759x1024.jpg 759w, https:\/\/saindesigns.nl\/wp-content\/uploads\/2024\/10\/12-222x300.jpg 222w, https:\/\/saindesigns.nl\/wp-content\/uploads\/2024\/10\/12-768x1036.jpg 768w, https:\/\/saindesigns.nl\/wp-content\/uploads\/2024\/10\/12-1139x1536.jpg 1139w, https:\/\/saindesigns.nl\/wp-content\/uploads\/2024\/10\/12-1519x2048.jpg 1519w, https:\/\/saindesigns.nl\/wp-content\/uploads\/2024\/10\/12-scaled.jpg 1898w\" sizes=\"(max-width: 759px) 100vw, 759px\" \/>\t\t\t\t\t\t\t\t\t\t\t\t\t\t\t<\/div>\n\t\t\t\t<\/div>\n\t\t\t\t<\/div>\n\t\t<div class=\"elementor-element elementor-element-27c068e e-con-full e-flex e-con e-child\" data-id=\"27c068e\" data-element_type=\"container\">\n\t\t\t\t<div class=\"elementor-element elementor-element-c474515 elementor-widget__width-initial elementor-invisible elementor-widget elementor-widget-text-editor\" data-id=\"c474515\" data-element_type=\"widget\" data-settings=\"{&quot;_animation&quot;:&quot;fadeInUp&quot;}\" data-widget_type=\"text-editor.default\">\n\t\t\t\t<div class=\"elementor-widget-container\">\n\t\t\t\t\t\t\t\t\t<p style=\"font-family: Poppins;\"><b>Fotografie<\/b><\/p><p style=\"font-family: Dosis, sans-serif; font-size: 18px; font-weight: 400;\">Met mijn camera leg ik verhalen vast: van momenten en mensen tot texturen en details. Ik speel graag met natuurlijk licht, leading lines en kleurgrading om een specifieke sfeer te vangen. Een selectie is te zien onder\u00a0\u2018Fotografie-archief\u2019.<\/p><p style=\"font-family: Dosis, sans-serif; font-size: 18px;\"><b>Street art\u00a0<\/b><\/p><p style=\"font-family: Dosis, sans-serif; font-size: 18px;\">De expressieve beeldtaal, typografie en texturen van graffiti spreken me enorm aan. Ik schets graag lettervormen, experimenteer met kleurcontrasten en composities, en vertaal dat gevoel voor ritme en balans naar mijn ontwerpen.<\/p><p><b>Muziek<\/b><\/p><p>Muziek bepaalt vaak mijn focus en sfeer. Ik luister veel en let op structuur, tempo en dynamiek elementen die ik vervolgens inzet in visuele hi\u00ebrarchie, witruimte en timing (bijvoorbeeld in animaties of scrolervaringen).<\/p><p><b>Gaming<\/b><\/p><p>Mijn intresse voor gamen is er nog wel maar is met de afgelopen jaren wel minder geworden. Ik ben veel liever buiten nu en gewoon genieten van de natuur of het weer (zelfs met slecht weer ben ik nog steeds buiten te vinden).<\/p><p><b>Skateboarden<\/b><\/p><p>Skaten is voor mij tegelijk sport en creatieve uitlaatklep. Het draait om doorzetten, micro-iteraties en flow. Die mentaliteit\u2014klein verbeteren, opnieuw proberen\u2014pas ik \u00e9\u00e9n op \u00e9\u00e9n toe in ontwerp- en ontwikkelprocessen.<\/p><p>\u00a0<\/p>\t\t\t\t\t\t\t\t<\/div>\n\t\t\t\t<\/div>\n\t\t\t\t<\/div>\n\t\t\t\t\t<\/div>\n\t\t\t\t<\/div>\n\t\t\t\t<\/div>\n\t\t","protected":false},"excerpt":{"rendered":"<p>Over Mij Hoi! Ik ben Sander (21), geboren op 9 juli 2004 in Hoorn en later verhuisd naar Alkmaar. Daar haalde ik mijn vmbo-kaderdiploma aan het Clusius College (inmiddels onderdeel van Vonk). Momenteel studeer ik aan het Mediacollege Amsterdam, waar ik mijn skills in media, creativiteit en technologie verdiep. In mijn vrije tijd werk ik aan persoonlijke projecten, experimenteer ik met nieuwe tools en leer ik gericht bij. Mijn doel: verder groeien in de mediawereld en social media, en met plezier nieuwe uitdagingen aangaan. Hobbies Creativiteit loopt als een rode draad door mijn leven. Ik haal inspiratie uit verschillende disciplines<\/p>\n","protected":false},"author":1,"featured_media":106,"parent":0,"menu_order":0,"comment_status":"closed","ping_status":"closed","template":"","meta":{"footnotes":""},"class_list":["post-182","page","type-page","status-publish","has-post-thumbnail","hentry"],"_links":{"self":[{"href":"https:\/\/saindesigns.nl\/index.php?rest_route=\/wp\/v2\/pages\/182","targetHints":{"allow":["GET"]}}],"collection":[{"href":"https:\/\/saindesigns.nl\/index.php?rest_route=\/wp\/v2\/pages"}],"about":[{"href":"https:\/\/saindesigns.nl\/index.php?rest_route=\/wp\/v2\/types\/page"}],"author":[{"embeddable":true,"href":"https:\/\/saindesigns.nl\/index.php?rest_route=\/wp\/v2\/users\/1"}],"replies":[{"embeddable":true,"href":"https:\/\/saindesigns.nl\/index.php?rest_route=%2Fwp%2Fv2%2Fcomments&post=182"}],"version-history":[{"count":89,"href":"https:\/\/saindesigns.nl\/index.php?rest_route=\/wp\/v2\/pages\/182\/revisions"}],"predecessor-version":[{"id":966,"href":"https:\/\/saindesigns.nl\/index.php?rest_route=\/wp\/v2\/pages\/182\/revisions\/966"}],"wp:featuredmedia":[{"embeddable":true,"href":"https:\/\/saindesigns.nl\/index.php?rest_route=\/wp\/v2\/media\/106"}],"wp:attachment":[{"href":"https:\/\/saindesigns.nl\/index.php?rest_route=%2Fwp%2Fv2%2Fmedia&parent=182"}],"curies":[{"name":"wp","href":"https:\/\/api.w.org\/{rel}","templated":true}]}}